are the prime factors of s?
2
Suppose -x + 5*x = 108. Let k(z) = -z**2 + 5*z. Let u be k(4). Suppose -7 + x = u*d. List the prime factors of d.
5
Let s(d) = -d - 3. Let n be s(-8). Suppose -16 = -n*f + 3*f. List the prime factors of f.
2
Let t be (4 + -28)*(-2)/6. Suppose t = y - 24. What are the prime factors of y?
2
Suppose -5 = p - s - s, -11 = -p - 2*s. Suppose 2*k + 2*k = 0. Let a = k + p. What are the prime factors of a?
3
Suppose -4*h = -2*h + 3240. List the prime factors of h/(-63) - (-2)/7.
2, 13
Suppose 13 = 3*o - 29. List the prime factors of o.
2, 7
Suppose -4*r + r - 33 = 0. Let i = -5 - r. List the prime factors of i.
2, 3
Let m be 3*5/3*1. Suppose -m*o + 4*o + 8 = 0. Suppose 0 = 2*u - 4*u + 4*l + o, -3*u = -5*l - 16. List the prime factors of u.
2, 3
Suppose -4*i + 2 = -6. Suppose u = i*u. Suppose 3*v + u*v = 21. What are the prime factors of v?
7
Let k(y) = -y - y**3 + 4*y**2 - 4*y**2 + 6*y + 4 - 2*y**2. List the prime factors of k(-4).
2
Let r(g) = g**3 - 4*g**2 + 6*g - 5. Let v be r(5). Suppose -6*i = -10*i + 16. Suppose -i*j - j = -v. List the prime factors of j.
2, 5
Let a be (1/(-2))/(6/(-24)). Suppose 3*m + a*m - 95 = 0. Suppose -4*l = x - m, 5*x - l = l + 73. List the prime factors of x.
3, 5
Suppose 0 = -u + 2*u + 7. Let f = u - -19. List the prime factors of f.
2, 3
Suppose 2*h - 8 = -3*q, h + 5 = 3. Suppose 2*t = q*t - 6. What are the prime factors of t?
3
Let g(h) = -h**2 - 14*h - 4. Let j be g(-7). List the prime factors of (-2)/8 + j/4.
11
Let q = 96 - 26. Let g be (q/(-25))/(2/10). What are the prime factors of g/35 - (-104)/10?
2, 5
Let o(l) = -34*l - 8. Let n(s) = 33*s + 7. Let t(a) = 6*n(a) + 5*o(a). What are the prime factors of t(1)?
2, 3, 5
Let v = 143 - 69. List the prime factors of v.
2, 37
Suppose h = 3*q + 30, -2*h - 2*h - 5*q = -205. What are the prime factors of h?
3, 5
Suppose 9*m - 16 = 8*m. List the prime factors of m.
2
Let b(t) = -3*t + 4. Let f(w) = -3*w + 3. Let j(y) = -3*b(y) + 4*f(y). Let z be j(-7). Suppose 4*r - z = 7. What are the prime factors of r?
7
Suppose 4*a - 33 = -5*g, -2*g - 4*a + 28 = 2*g. Let x be 4/g*(-2 + 7). List the prime factors of (-14)/x*(-16)/28.
2
Suppose 3*s = 5*t + 3, 1 = 3*s - 2*s + 3*t. What are the prime factors of ((-64)/(-4) - -1)*s?
17
Let i(l) be the first derivative of 2*l**3/3 - l**2/2 + 2*l + 3. List the prime factors of i(-4).
2, 19
Suppose 7*d = 6*d + 88. List the prime factors of d.
2, 11
Suppose -4 = 2*d + z, -2*z + 16 = -5*d + d. Let w = 10 - d. What are the prime factors of w?
13
List the prime factors of 3 - (-30 - (-1 + -1)).
31
List the prime factors of ((-140)/25)/((-4)/50).
2, 5, 7
Let i(u) = 11*u + 44. What are the prime factors of i(8)?
2, 3, 11
Let l(p) = p**2 + 11*p + 6. Let n be l(-10). Let o = 15 + n. List the prime factors of o.
11
Suppose 2*k = -5*c - k + 16, 3*k + 4 = 5*c. Suppose 3*y + 11 = h + 103, -2*y + 56 = c*h. List the prime factors of y.
2, 3, 5
Suppose n + 17 = -5*u, 4*u + 39 = -5*n + 2*u. Let k(a) = -1. Let h(t) = -2*t. Let l(p) = h(p) + 4*k(p). List the prime factors of l(n).
2, 5
Suppose 52 = 3*w + 7. Let g = w + -5. What are the prime factors of g?
2, 5
Let z(y) = 6*y**2 + 1. Let u = 2 - 7. Let t be -2*((-15)/(-6))/u. List the prime factors of z(t).
7
Let g be 91/28 + (-3)/(-4). Suppose 25 = 4*u + u. Suppose -5*x - u*q = -g*q - 15, -q = 0. List the prime factors of x.
3
Suppose -402 + 1047 = 5*h. What are the prime factors of h?
3, 43
Suppose 0 = 9*p - 4*p - 20. Suppose 2 + 2 = -p*y. What are the prime factors of (-4)/(-1) + (-3 - y)?
2
Let w(f) = -107*f - 2. Let q be w(-2). Let j be 8/36 - q/(-18). What are the prime factors of ((-9)/4)/(j/(-64))?
2, 3
Let u(f) = -4*f + 13. What are the prime factors of u(-6)?
37
Let b = 76 - 46. List the prime factors of b.
2, 3, 5
Suppose -2*l + 5*l = 4*q - 29, -3*q - 4*l = -3. Suppose -5*t = q*f - 35, 3 = t - f - 4. What are the prime factors of t?
7
Let i be (-1340)/(-15)*6/4. Suppose 5*h = 5*d - 0*h - 210, -3*d = -5*h - i. List the prime factors of d.
2, 19
Let b(d) = 0*d + 0*d - 2*d. Let p be b(-1). Suppose -p*a - 15 - 5 = -3*x, 0 = -5*x + 3*a + 34. List the prime factors of x.
2
Let u(s) = -s**3 + 9*s**2 - 4*s + 1. What are the prime factors of u(7)?
71
Suppose -3*v + 633 = 3*d, 2*v + 3*v - d = 1055. What are the prime factors of v?
211
Let o(s) be the third derivative of -s**4/8 - s**3/2 - s**2. Let t be ((-12)/21)/(4/14). List the prime factors of o(t).
3
Let k = -30 - -20. Suppose 0 = -2*u + 3*u + 5. Let t = u - k. What are the prime factors of t?
5
Let l = 5 - 2. Suppose -12 = -0*y - l*y, 4*c - 4*y = 52. What are the prime factors of c?
17
Let y = 1 + -1. Suppose 2*l = -2*v, 5*l - 3 = -y*v - 2*v. List the prime factors of (v/(-3))/((-3)/(-63)).
7
Let s = 62 - 24. Let g = 69 - s. List the prime factors of g.
31
Let t(x) = x**3 + 3*x**2 - 2*x + 4. Let y be t(-3). Let j = y - 6. Suppose 4*s = j*g + 36, 3*g - 5*g = 6. List the prime factors of s.
2, 3
Let c(h) = 3*h**2 + 10*h - 8. What are the prime factors of c(5)?
3, 13
Suppose 24 = -2*y + 938. What are the prime factors of y?
457
Let r(o) = -o**3 - 5*o**2 - 6*o - 3. Let u be r(-4). Suppose u*w + 3*g - 90 = 0, -2*g + 8 + 32 = 2*w. List the prime factors of w.
3, 5
Suppose 0 = -4*f + p + 737, 3*f + 6*p - 564 = 3*p. What are the prime factors of f?
5, 37
Let k(u) = -9*u**2 + u - 1. Let a be k(1). Let l be (-4)/(-6) - 75/a. Let v = l + 0. What are the prime factors of v?
3
Let l = -92 + 169. What are the prime factors of l?
7, 11
Suppose -11 = 4*l - 19. Suppose -p = l*p - 39. List the prime factors of p.
13
Suppose -4*i = 1 + 3, 2*v = i + 77. List the prime factors of v.
2, 19
Suppose 39 = 4*i - 1. What are the prime factors of (-4)/(-10) - (-166)/i?
17
Suppose -4*g + a + 290 = -4*a, -g + 3*a = -76. List the prime factors of g.
2, 5, 7
Let h = 60 - 26. List the prime factors of h.
2, 17
Let p(c) = c + 5. Let j be 17/2 - 9/6. List the prime factors of p(j).
2, 3
Suppose 0 = -4*x - 3*a + 123, 4*x + 5*a - 169 = -36. List the prime factors of x.
3
Let y be (-6)/33 - (-46)/11. Suppose y*m - 86 = -26. What are the prime factors of m?
3, 5
What are the prime factors of 72/10*(-25)/(-10)?
2, 3
Suppose 5*o = 88 + 82. Suppose -4*p - 2*i = -0*p - 66, o = 2*p + 2*i. What are the prime factors of p?
2
Let s be (2/3)/(3/72). Let j = s - 10. Let z = -2 + j. List the prime factors of z.
2
Suppose 0 = -7*w - 0 + 28. Let h be 2/3 - (-2)/(-3). Suppose h*q = w*q - 12. List the prime factors of q.
3
Suppose 3*p - 146 + 11 = 0. What are the prime factors of p?
3, 5
Let v(u) = u**2 + 1. Let a be v(-4). Suppose -4*r = r + 60. Let z = a + r. What are the prime factors of z?
5
Suppose 72 = -i + 3*i. What are the prime factors of i?
2, 3
Let v be (-1)/(-3) + (-102)/(-18). Suppose h - v*h = -30. Let w = h + 5. What are the prime factors of w?
11
Let g be 181/(3*(-2)/(-6)). Suppose 4*q + v - g = 0, v + 87 = 2*q - 2*v. Suppose 0 = 4*m + 5*n - 87, 0*m - q = -2*m - 3*n. What are the prime factors of m?
2, 3
Let w = 5 - 1. Suppose 2*h + 2*h = -4*n, h - 20 = w*n. Suppose -h*m + 30 = 5*u - 5, 0 = 5*u + 5. List the prime factors of m.
2, 5
Suppose 0 = -3*j + 4*s + 64, -66 = -3*j + 5*s - 2*s. List the prime factors of j.
2, 3
Let q be 5/(15/(-12))*-2. Suppose 4*a = -0 + q. List the prime factors of 10/(a/1) - 0.
5
Let n = -73 - -121. List the prime factors of n.
2, 3
Let c be 8/36 + (-56)/9. List the prime factors of 7 - (-3)/c*2.
2, 3
Let v(q) = 6*q + 2. What are the prime factors of v(1)?
2
Suppose 4*j - 679 = -3*j. What are the prime factors of j?
97
Suppose 2*o + 26 = -v + 3*o, -5*v - o = 130. Let a be (0 + -2)*9/9. List the prime factors of a + v/(-2 + 0).
11
What are the prime factors of 1 + 2/(-9) + 30613/99?
2, 5, 31
Let o(y) = -y**2 + 42. Let p(g) = -g**3 - 9*g**2. Let d be p(-9). List the prime factors of o(d).
2, 3, 7
Let d = -2 + -2. Let m(p) = 2*p**2 + 4*p - 3. List the prime factors of m(d).
13
Suppose 2*q = -2*d - 0*d + 198, 3*q - 2*d = 297. List the prime factors of q.
3, 11
Let m be 2 - 2 - 12/3. What are the prime factors of (18/4 - m)*2?
17
Let r = 157 - 7. List the prime factors of r.
2, 3, 5
Let t(m) = 26*m. Suppose -2*l - 2 = -4. What are the prime factors of t(l)?
2, 13
List the prime factors of 72/2*27/54.
2, 3
Suppose 3 - 6 = a. Let f be -1*2*